 + -98. What is the remainder when d is divided by 2?
1
Suppose g + 375 = -u + 1, 0 = 4*u + g + 1505. Let n = -333 - u. What is the remainder when n is divided by 21?
2
Suppose 2*i + 2*s = 204, -2*i + 5*i = -5*s + 308. Let q = 32933 - 32906. What is the remainder when i is divided by q?
20
Suppose r - 31 = 2*g, 4*r + 3*g = 2*r + 34. Suppose 67 = 5*f - r. Calculate the remainder when 104 is divided by f.
14
Let f(y) = -5*y**3 - 2*y**2 + 7*y + 11. What is the remainder when (161/21)/((-2)/(-36)) is divided by f(-2)?
22
Suppose -h - p + 703 = 0, -16*p + 11*p = h - 703. Calculate the remainder when h is divided by 22.
21
Calculate the remainder when (67/(-402))/((-2)/4764) is divided by 203.
194
Let p = -565 - -5086. What is the remainder when p is divided by 25?
21
Let x = -27 + 19. Let g = x + 60. Let b = 646 + -441. Calculate the remainder when b is divided by g.
49
Let c be 2 - (-1 - -4 - 4*1). Let d be 3/1*c*3/3. Suppose -13*o + d*o = -24. What is the remainder when o is divided by 4?
2
Let p be (0 - 2)*15/6. Let x = p - -10. Suppose x*r + 80 - 24 = 2*s, -r + 28 = s. What is the remainder when 110 is divided by s?
26
Suppose 0*x = 3*x - 69. What is the remainder when (-54)/5*(14/7 + -7) is divided by x?
8
Suppose -745 = -4*b - 5*s, -386 = -2*b + 2*s - 0*s. Let u = -157 + b. What is the remainder when 196 is divided by u?
31
Let a(f) = 15*f + 60. Let h be a(-4). Suppose 5*o = -h*o + 4*n + 752, -2*n = -3*o + 450. What is the remainder when o is divided by 19?
15
Let h(q) = -34*q**2 + 341*q - 9. What is the remainder when h(8) is divided by 26?
23
Suppose -5*r - 4*s + 30 = 0, 2*s - 3*s + 7 = r. Suppose -9 = -y + j + 7, -2*j = -5*y + 77. What is the remainder when y is divided by r?
1
What is the remainder when 161 is divided by 60/(-8)*(-6 + (-120)/(-25))?
8
Let k(h) = -23*h - 63. Suppose -18*c + 21*c = -12. Calculate the remainder when 578 is divided by k(c).
27
Suppose 10 = 2*v + 4. Suppose 0 = -29*o - 7*o + 180. Suppose -v*f - 14 = -o*f. What is the remainder when 33 is divided by f?
5
Suppose 536 = 6*j - 2*u, 1486*u = 1491*u + 20. What is the remainder when 1014 is divided by j?
46
Suppose -36967 = -482*q + 420*q + 258835. Calculate the remainder when q is divided by 12.
7
Suppose 12*o - 18 = -18. Suppose -d - 2*n = -422, -2*d - 3*n + 8*n + 817 = o. Calculate the remainder when d is divided by 70.
66
Suppose -2337 = 22*f - 3679. Suppose -17 = 3*s - 4*s. Calculate the remainder when f is divided by s.
10
Suppose 0 = 3*q - x - 70, -3*x + 95 = 3*q + x. What is the remainder when (-50)/(-75) + 442/3 is divided by q?
23
Suppose 6*w - 64 = -22. Let l be 16*(2/(-6) - (-16)/3). Suppose 0 = 3*p - c - 59, -8*p + 4*p + 2*c + l = 0. What is the remainder when p is divided by w?
5
Suppose -h = 116*k - 112*k - 2340, 3*k - 1582 = -44*h. What is the remainder when k is divided by 15 + -2 + -1 + 2?
12
Let b = -3681 + 3703. What is the remainder when 129 is divided by b?
19
Let j = -50 - -75. Let x be (-14)/(-5)*j/10. Suppose x*z - 526 - 125 = 0. What is the remainder when z is divided by 32?
29
Suppose -5*j + 68 = 2*v, -3*v - j = -90 + 1. Let d(g) = -g**2 - 3*g + 8. Let a be d(-6). Let r = a + 15. Calculate the remainder when v is divided by r.
4
Suppose -731*a + 5*b - 2899 = -733*a, -5*b = 5. What is the remainder when a is divided by 184?
164
Let x = 486 + -806. What is the remainder when (2/(-5))/((-2556)/x - 8) is divided by 10?
2
Suppose 162 + 379 = 74*v - 1235. Calculate the remainder when 639 is divided by v.
15
Calculate the remainder when (1 - -37)*((-147)/(-10) + 12/(-60)) is divided by 63.
47
Let s(m) = -2*m**3 - 4*m**2 - 4*m + 3. What is the remainder when s(-4) is divided by (-11)/1*(0 - (-9)/(-36)*8)?
17
What is the remainder when 15487 is divided by ((-4)/38 + 1498784/6384)/(6/9)?
351
Let k = 27 - 18. Let j be ((-24)/k)/(4/(-6)). Suppose j*z + 3*h - 47 = 0, -5*h - 39 = -z - 3*z. What is the remainder when 20 is divided by z?
9
Let h(f) = 426*f + 17061. What is the remainder when 390/4*(-4)/(-5) is divided by h(-40)?
15
Let o = 3760 + -2945. What is the remainder when o is divided by 138?
125
Suppose -3*c = 3, -60*d + 58*d + 2*c + 3450 = 0. Calculate the remainder when d is divided by 16.
12
Suppose -35 = -5*f + 3*r, -2*f - 12 = -0*f + 4*r. Calculate the remainder when 53 is divided by 8*(-4)/24*(f + -22).
5
Let c(g) = 2*g**2 + 5*g - 2. Let z(r) = -3*r**3 + 38*r**2 - 15*r - 22. What is the remainder when z(12) is divided by c(3)?
24
Suppose 13*l = -39*l + 32916. Calculate the remainder when l is divided by 52.
9
Suppose -b = 60*d - 61*d + 54, 28 = 4*b. Calculate the remainder when 9086 is divided by d.
58
Let g(s) = 0 + 97*s - 181*s - 43 + 88*s. Let k = -9 - -22. What is the remainder when g(k) is divided by 9?
0
Suppose 0 = -121*s + 122*s - 5, 5*l - 2810 = -10*s. Calculate the remainder when l is divided by 102.
42
Let o(a) = -a**2 + 8*a - 12. Let p be o(11). Let s = 39 + p. Calculate the remainder when 3/s - (-135)/2 is divided by 17.
16
Suppose -273 = -4*m + 51. Calculate the remainder when (-168)/(-1) - 5/20*32 is divided by m.
79
Let r = -28732 - -28760. Calculate the remainder when 53 is divided by r.
25
Suppose -5*c + 9*c = 4*v + 1132, -285 = v + c. Let z = v - -308. Suppose 5*r = 25, 0 = 2*m + 3*r - r - 198. What is the remainder when m is divided by z?
22
Suppose -2*h + 3*h + 2 = 2*f, 0 = -5*h - 3*f + 42. Suppose -133*c - 539 + 2342 = -192. What is the remainder when c is divided by h?
3
Suppose -4*t = 3*u - 25, -3*u + 48 = u - 2*t. Suppose 4 = s - 0. What is the remainder when (-3)/(-3) + 265/20*s is divided by u?
10
Let t(x) = 11*x**2 - 4*x - 3. What is the remainder when (784/(-12) + 8/12)/(2/(-6)) is divided by t(-2)?
47
Let p = 334 - 332. Suppose 0 = -0*k + k + 3, 4*v + p*k = 538. What is the remainder when v is divided by (22 + 1)*2*1?
44
Let j(t) = -9*t - 132. Let s = 209 - 225. Calculate the remainder when 82 is divided by j(s).
10
Let g(x) = 28*x + 386. What is the remainder when 268 is divided by g(-13)?
4
Let s be ((-56)/6)/(8/(-36)). Let t(r) = -r**2 + 19*r + 44. Let c be t(11). Let k = c - s. Calculate the remainder when k is divided by 23.
21
Let k = -36603 + 36615. Let f = 29 + 33. What is the remainder when f is divided by k?
2
Suppose 13*n - 3*n = 20. Suppose -1 - n = -u. Suppose 4*l + 2*a + 116 = 286, -5*l - u*a + 213 = 0. Calculate the remainder when l is divided by 12.
6
Calculate the remainder when 5088796/966 + 14/147 is divided by 438.
12
Calculate the remainder when 15655 is divided by (-439 + 135)/(-2*1).
151
Let m = 21 - 50. Suppose 2*d - 124 = 15*z - 12*z, -2*d = -4*z - 164. Let n = m - z. Calculate the remainder when 19 is divided by n.
8
Let j(q) = 2*q**3 + 5*q**2 - 10*q + 16. Let d be j(4). Suppose 488 = 24*z - d. Suppose -3 = -x + 5. What is the remainder when z is divided by x?
4
Suppose -i + 18 + 44 = -2*p, 5*i - 322 = -2*p. Let a = 139700 + -139516. What is the remainder when a is divided by i?
56
Suppose 4*z + 2*z = 732. Let h be 8/28 - z/(-14). What is the remainder when -104*(-3)/h*3 is divided by 35?
34
Suppose 3443 = -16*p + 3523. What is the remainder when 302 is divided by p?
2
Suppose 5*h - 74 - 32 = -4*m, -m + 3*h + 18 = 0. What is the remainder when 1725 is divided by m?
21
Suppose -g + 293 = 2*x, -124*g = 4*x - 125*g - 565. Calculate the remainder when 1136 is divided by x.
135
Let z(l) = -5*l - 53. Let t be z(-11). Suppose -h + 118 = -5*q, 2*h - 5*q - t - 219 = 0. Let p = h + -100. Calculate the remainder when 9 is divided by p.
0
Let t be (-6)/(-9)*3 + (-4)/(-1). Suppose -4*g - d = -150, g - t*g = d - 188. Let v = 315 - 202. Calculate the remainder when v is divided by g.
37
Let j(z) = -z**2 - 77*z - 1054. What is the remainder when j(-33) is divided by 64?
14
Suppose -336*u = -159*u - 54*u - 3936. What is the remainder when u is divided by 2/(0 - -1)*1?
0
Calculate the remainder when 893 is divided by (((-158)/(-10))/((-3)/(-12)))/((-8)/(-20)).
103
Suppose -442 = -5*f + 3*v, -3*v - 90 = -3*f + 180. Let l(u) = u**3 - 28*u - 132. Calculate the remainder when f is divided by l(7).
11
Suppose 5*l + 2*f = 399, 0 = l - 2*f + 6*f - 87. Let c = -56 + l. Let o = c + -8. Calculate the remainder when o is divided by 4.
3
Suppose 20*c = -2*r + 23*c + 343, c - 3 = 0. Suppose 36*o = 40*o - r. Calc